{"id":56,"date":"2025-10-07T10:51:30","date_gmt":"2025-10-07T07:51:30","guid":{"rendered":"https:\/\/caferikincielesya.com\/?page_id=56"},"modified":"2025-10-07T10:51:30","modified_gmt":"2025-10-07T07:51:30","slug":"anasayfa","status":"publish","type":"page","link":"https:\/\/caferikincielesya.com\/","title":{"rendered":"Anasayfa"},"content":{"rendered":"<style>.kb-row-layout-id56_053d62-3e > .kt-row-column-wrap{align-content:center;}:where(.kb-row-layout-id56_053d62-3e > .kt-row-column-wrap) > .wp-block-kadence-column{justify-content:center;}.kb-row-layout-id56_053d62-3e > .kt-row-column-wrap{column-gap:var(--global-kb-gap-lg, 4rem);row-gap:var(--global-kb-gap-none, 0rem );max-width:var( --global-content-width, 1290px );padding-left:var(--global-content-edge-padding);padding-right:var(--global-content-edge-padding);padding-top:var(--global-kb-spacing-5xl, 10rem);padding-bottom:var(--global-kb-spacing-3xl, 6.5rem);grid-template-columns:minmax(0, calc(55% - ((var(--global-kb-gap-lg, 4rem) * 1 )\/2)))minmax(0, calc(45% - ((var(--global-kb-gap-lg, 4rem) * 1 )\/2)));}.kb-row-layout-id56_053d62-3e{background-image:linear-gradient(90deg,var(--global-palette7,#EDF2F7) 65%,var(--global-palette9,#ffffff) 65%);}.kb-row-layout-id56_053d62-3e > .kt-row-layout-overlay{opacity:1;}@media all and (max-width: 1024px){.kb-row-layout-id56_053d62-3e > .kt-row-column-wrap{column-gap:var(--global-kb-gap-md, 2rem);padding-top:var(--global-kb-spacing-3xl, 6.5rem);padding-bottom:var(--global-kb-spacing-3xl, 6.5rem);grid-template-columns:repeat(2, minmax(0, 1fr));}}@media all and (max-width: 767px){.kb-row-layout-id56_053d62-3e > .kt-row-column-wrap{padding-top:var(--global-kb-spacing-3xl, 6.5rem);padding-bottom:var(--global-kb-spacing-xl, 4rem);grid-template-columns:minmax(0, 1fr);}}<\/style><div class=\"kb-row-layout-wrap kb-row-layout-id56_053d62-3e alignfull has-theme-palette8-background-color kt-row-has-bg wp-block-kadence-rowlayout\"><div class=\"kt-row-column-wrap kt-has-2-columns kt-row-layout-equal kt-tab-layout-inherit kt-mobile-layout-row kt-row-valign-middle kb-theme-content-width\">\n<style>.kadence-column56_72570f-4b > .kt-inside-inner-col,.kadence-column56_72570f-4b > .kt-inside-inner-col:before{border-top-left-radius:0px;border-top-right-radius:0px;border-bottom-right-radius:0px;border-bottom-left-radius:0px;}.kadence-column56_72570f-4b > .kt-inside-inner-col{column-gap:var(--global-kb-gap-sm, 1rem);}.kadence-column56_72570f-4b > .kt-inside-inner-col{flex-direction:column;}.kadence-column56_72570f-4b > .kt-inside-inner-col > .aligncenter{width:100%;}.kadence-column56_72570f-4b > .kt-inside-inner-col:before{opacity:0.3;}.kadence-column56_72570f-4b{position:relative;}@media all and (max-width: 1024px){.kadence-column56_72570f-4b > .kt-inside-inner-col{padding-right:0px;flex-direction:column;justify-content:center;}}@media all and (max-width: 1024px){.kadence-column56_72570f-4b{text-align:center;}}@media all and (max-width: 767px){.kadence-column56_72570f-4b > .kt-inside-inner-col{flex-direction:column;justify-content:center;}.kadence-column56_72570f-4b, .kt-inside-inner-col > .kadence-column56_72570f-4b:not(.specificity){margin-bottom:var(--global-kb-spacing-md, 2rem);}}<\/style>\n<div class=\"wp-block-kadence-column kadence-column56_72570f-4b kb-section-dir-vertical inner-column-1\"><div class=\"kt-inside-inner-col\"><style>.wp-block-kadence-advancedheading.kt-adv-heading56_afc776-c5, .wp-block-kadence-advancedheading.kt-adv-heading56_afc776-c5[data-kb-block=\"kb-adv-heading56_afc776-c5\"]{margin-top:0px;margin-bottom:var(--global-kb-spacing-lg, 3rem);font-size:var(--global-kb-font-size-xxl, 4rem);line-height:1.2;font-style:normal;}.wp-block-kadence-advancedheading.kt-adv-heading56_afc776-c5 mark.kt-highlight, .wp-block-kadence-advancedheading.kt-adv-heading56_afc776-c5[data-kb-block=\"kb-adv-heading56_afc776-c5\"] mark.kt-highlight{font-style:normal;color:#f76a0c;-webkit-box-decoration-break:clone;box-decoration-break:clone;padding-top:0px;padding-right:0px;padding-bottom:0px;padding-left:0px;}@media all and (max-width: 1024px){.wp-block-kadence-advancedheading.kt-adv-heading56_afc776-c5, .wp-block-kadence-advancedheading.kt-adv-heading56_afc776-c5[data-kb-block=\"kb-adv-heading56_afc776-c5\"]{font-size:var(--global-kb-font-size-lg, 2rem);text-align:left!important;}}<\/style>\n<h1 class=\"kt-adv-heading56_afc776-c5 wp-block-kadence-advancedheading\" data-kb-block=\"kb-adv-heading56_afc776-c5\">Cafer Aydo\u011fan 2. El E\u015fya Ankara<\/h1>\n\n\n<style>.wp-block-kadence-advancedheading.kt-adv-heading56_06f47b-c0, .wp-block-kadence-advancedheading.kt-adv-heading56_06f47b-c0[data-kb-block=\"kb-adv-heading56_06f47b-c0\"]{font-style:normal;}.wp-block-kadence-advancedheading.kt-adv-heading56_06f47b-c0 mark.kt-highlight, .wp-block-kadence-advancedheading.kt-adv-heading56_06f47b-c0[data-kb-block=\"kb-adv-heading56_06f47b-c0\"] mark.kt-highlight{font-style:normal;color:#f76a0c;-webkit-box-decoration-break:clone;box-decoration-break:clone;padding-top:0px;padding-right:0px;padding-bottom:0px;padding-left:0px;}@media all and (max-width: 1024px){.wp-block-kadence-advancedheading.kt-adv-heading56_06f47b-c0, .wp-block-kadence-advancedheading.kt-adv-heading56_06f47b-c0[data-kb-block=\"kb-adv-heading56_06f47b-c0\"]{text-align:left!important;}}<\/style>\n<p class=\"kt-adv-heading56_06f47b-c0 wp-block-kadence-advancedheading has-theme-palette-4-color has-text-color\" data-kb-block=\"kb-adv-heading56_06f47b-c0\">Eski 2. El E\u015fyalar\u0131n\u0131z\u0131 Nakit Al\u0131yoruz.<\/p>\n\n\n<style>.wp-block-kadence-advancedbtn.kb-btns56_d17375-40{gap:var(--global-kb-gap-xs, 0.5rem );justify-content:flex-start;align-items:center;}.kt-btns56_d17375-40 .kt-button{font-weight:normal;font-style:normal;}.kt-btns56_d17375-40 .kt-btn-wrap-0{margin-right:5px;}.wp-block-kadence-advancedbtn.kt-btns56_d17375-40 .kt-btn-wrap-0 .kt-button{color:#555555;border-color:#555555;}.wp-block-kadence-advancedbtn.kt-btns56_d17375-40 .kt-btn-wrap-0 .kt-button:hover, .wp-block-kadence-advancedbtn.kt-btns56_d17375-40 .kt-btn-wrap-0 .kt-button:focus{color:#ffffff;border-color:#444444;}.wp-block-kadence-advancedbtn.kt-btns56_d17375-40 .kt-btn-wrap-0 .kt-button::before{display:none;}.wp-block-kadence-advancedbtn.kt-btns56_d17375-40 .kt-btn-wrap-0 .kt-button:hover, .wp-block-kadence-advancedbtn.kt-btns56_d17375-40 .kt-btn-wrap-0 .kt-button:focus{background:#444444;}@media all and (max-width: 1024px){.wp-block-kadence-advancedbtn.kb-btns56_d17375-40{justify-content:flex-start;}}<\/style>\n<div class=\"wp-block-kadence-advancedbtn kb-buttons-wrap kb-btns56_d17375-40\"><style>ul.menu .wp-block-kadence-advancedbtn .kb-btn56_85f18f-47.kb-button{width:initial;}.wp-block-kadence-advancedbtn .kb-btn56_85f18f-47.kb-button{font-size:var(--global-kb-font-size-sm, 0.9rem);letter-spacing:1px;text-transform:uppercase;}<\/style><span class=\"kb-button kt-button button kb-btn56_85f18f-47 kt-btn-size-standard kt-btn-width-type-auto kb-btn-global-inherit kt-btn-has-text-true kt-btn-has-svg-false  wp-block-button__link wp-block-kadence-singlebtn\"><span class=\"kt-btn-inner-text\">Hemen aray\u0131n<\/span><\/span><\/div>\n<\/div><\/div>\n\n\n<style>.kadence-column56_53bc69-7c > .kt-inside-inner-col,.kadence-column56_53bc69-7c > .kt-inside-inner-col:before{border-top-left-radius:0px;border-top-right-radius:0px;border-bottom-right-radius:0px;border-bottom-left-radius:0px;}.kadence-column56_53bc69-7c > .kt-inside-inner-col{column-gap:var(--global-kb-gap-sm, 1rem);}.kadence-column56_53bc69-7c > .kt-inside-inner-col{flex-direction:column;}.kadence-column56_53bc69-7c > .kt-inside-inner-col > .aligncenter{width:100%;}.kadence-column56_53bc69-7c > .kt-inside-inner-col:before{opacity:0.3;}.kadence-column56_53bc69-7c{position:relative;}@media all and (max-width: 1024px){.kadence-column56_53bc69-7c > .kt-inside-inner-col{flex-direction:column;justify-content:center;}}@media all and (max-width: 767px){.kadence-column56_53bc69-7c > .kt-inside-inner-col{flex-direction:column;justify-content:center;}}<\/style>\n<div class=\"wp-block-kadence-column kadence-column56_53bc69-7c inner-column-2\"><div class=\"kt-inside-inner-col\"><style>.kb-image56_634b91-75 .kb-image-has-overlay:after{opacity:0.3;border-top-left-radius:15px;border-top-right-radius:15px;border-bottom-right-radius:15px;border-bottom-left-radius:15px;}.kb-image56_634b91-75 img.kb-img, .kb-image56_634b91-75 .kb-img img{border-top-left-radius:15px;border-top-right-radius:15px;border-bottom-right-radius:15px;border-bottom-left-radius:15px;}@media all and (max-width: 767px){.wp-block-kadence-image.kb-image56_634b91-75:not(.kb-specificity-added):not(.kb-extra-specificity-added){margin-right:0px;margin-left:0px;}}<\/style>\n<figure class=\"wp-block-kadence-image kb-image56_634b91-75 size-full kb-image-is-ratio-size\"><div class=\"kb-is-ratio-image kb-image-ratio-square\"><img loading=\"lazy\" decoding=\"async\" width=\"698\" height=\"678\" src=\"https:\/\/caferikincielesya.com\/wp-content\/uploads\/2022\/07\/22.png\" alt=\"\" class=\"kb-img wp-image-33\" srcset=\"https:\/\/caferikincielesya.com\/wp-content\/uploads\/2022\/07\/22.png 698w, https:\/\/caferikincielesya.com\/wp-content\/uploads\/2022\/07\/22-300x291.png 300w\" sizes=\"auto, (max-width: 698px) 100vw, 698px\" \/><\/div><\/figure>\n<\/div><\/div>\n\n<\/div><\/div>","protected":false},"excerpt":{"rendered":"<p>Cafer Aydo\u011fan 2. El E\u015fya Ankara Eski 2. El E\u015fyalar\u0131n\u0131z\u0131 Nakit Al\u0131yoruz.<\/p>\n","protected":false},"author":1,"featured_media":0,"parent":0,"menu_order":0,"comment_status":"closed","ping_status":"closed","template":"","meta":{"_kad_post_transparent":"enable","_kad_post_title":"hide","_kad_post_layout":"","_kad_post_sidebar_id":"","_kad_post_content_style":"","_kad_post_vertical_padding":"","_kad_post_feature":"","_kad_post_feature_position":"","_kad_post_header":false,"_kad_post_footer":false,"footnotes":""},"class_list":["post-56","page","type-page","status-publish","hentry"],"_links":{"self":[{"href":"https:\/\/caferikincielesya.com\/index.php\/wp-json\/wp\/v2\/pages\/56","targetHints":{"allow":["GET"]}}],"collection":[{"href":"https:\/\/caferikincielesya.com\/index.php\/wp-json\/wp\/v2\/pages"}],"about":[{"href":"https:\/\/caferikincielesya.com\/index.php\/wp-json\/wp\/v2\/types\/page"}],"author":[{"embeddable":true,"href":"https:\/\/caferikincielesya.com\/index.php\/wp-json\/wp\/v2\/users\/1"}],"replies":[{"embeddable":true,"href":"https:\/\/caferikincielesya.com\/index.php\/wp-json\/wp\/v2\/comments?post=56"}],"version-history":[{"count":1,"href":"https:\/\/caferikincielesya.com\/index.php\/wp-json\/wp\/v2\/pages\/56\/revisions"}],"predecessor-version":[{"id":59,"href":"https:\/\/caferikincielesya.com\/index.php\/wp-json\/wp\/v2\/pages\/56\/revisions\/59"}],"wp:attachment":[{"href":"https:\/\/caferikincielesya.com\/index.php\/wp-json\/wp\/v2\/media?parent=56"}],"curies":[{"name":"wp","href":"https:\/\/api.w.org\/{rel}","templated":true}]}}